1 composite?
False
Is 113597387 a composite number?
False
Is 2286479291 a composite number?
True
Is 3623673517 composite?
False
Is 662163251 a composite number?
False
Is 685302557 prime?
True
Is 1089555461 composite?
True
Is 163027975139 prime?
True
Is 58329559 prime?
True
Is 21079375853 prime?
False
Is 75152334539 prime?
True
Is 85093518509 prime?
False
Is 4319167793 a composite number?
False
Is 430614227 a composite number?
True
Is 46200309917 a prime number?
True
Is 2204663057 composite?
False
Is 328373080687 composite?
False
Is 56118299981 prime?
True
Is 5435367337 composite?
True
Is 1904610889 a prime number?
False
Is 11523149719 prime?
True
Is 3331195657 a prime number?
True
Is 8526173587 prime?
True
Is 9899129971 a composite number?
True
Is 8080889501 a prime number?
True
Is 4776673817 a prime number?
True
Is 15611469541 composite?
False
Is 1042152493 prime?
True
Is 28451481481 a composite number?
True
Is 92819036119 a composite number?
False
Is 1466380051 composite?
True
Is 3609413137 prime?
False
Is 1794398251 prime?
False
Is 858987979 prime?
True
Is 27890987951 prime?
True
Is 29757811873 a prime number?
True
Is 4803549739 a composite number?
False
Is 387438017 a prime number?
True
Is 18433769311 composite?
False
Is 7363661881 a prime number?
True
Is 6927146 composite?
True
Is 40596833491 composite?
True
Is 2009269279 a prime number?
True
Is 580188983 prime?
False
Is 623632441 prime?
False
Is 142936375613 a composite number?
False
Is 10975460647 composite?
False
Is 9517372993 composite?
False
Is 134594973661 a prime number?
True
Is 78145598 a composite number?
True
Is 21791599861 a prime number?
True
Is 4282001 prime?
True
Is 564136141 prime?
False
Is 175579088199 prime?
False
Is 1025977389 a prime number?
False
Is 1086417599 composite?
True
Is 1127617573 composite?
True
Is 492599629 prime?
True
Is 36105320333 a composite number?
False
Is 1738624007 prime?
False
Is 892777385 composite?
True
Is 287533903499 prime?
False
Is 137765297 composite?
True
Is 19657257 composite?
True
Is 31694567053 a prime number?
True
Is 6041692721 a composite number?
False
Is 516694273 prime?
False
Is 40616811965 prime?
False
Is 126360452479 prime?
False
Is 20775540433 a prime number?
False
Is 618953047 a prime number?
True
Is 14524594349 prime?
False
Is 17456204611 a prime number?
False
Is 1190321347 composite?
True
Is 11131028599 a prime number?
False
Is 1896218669 a composite number?
False
Is 162677045605 prime?
False
Is 38894379137 a composite number?
True
Is 3630300551 a composite number?
False
Is 4471154419 a prime number?
False
Is 2482504309 a composite number?
False
Is 3759894067 a prime number?
True
Is 4121783521 prime?
False
Is 81668836663 prime?
False
Is 7976573599 composite?
True
Is 2063376635 composite?
True
Is 1385698553 a composite number?
False
Is 9335323889 prime?
True
Is 34029221659 a composite number?
False
Is 422860188523 a composite number?
False
Is 1167550847 composite?
True
Is 24632476177 a composite number?
False
Is 6515493209 composite?
False
Is 38930188483 a composite number?
True
Is 1887782459 composite?
True
Is 46742183 a composite number?
False
Is 684522677 a prime number?
False
Is 8492775143 composite?
True
Is 124818007133 prime?
True
Is 157481909 prime?
False
Is 138754013 composite?
False
Is 11171524985 composite?
True
Is 287628307 a prime number?
True
Is 1505714459 prime?
True
Is 49066361 a composite number?
True
Is 1049828893 composite?
False
Is 165696133 a composite number?
True
Is 2561229257 composite?
False
Is 1724865433 prime?
True
Is 5555336047 a prime number?
True
Is 15986864563 prime?
True
Is 998490221 a composite number?
True
Is 91725346 a composite number?
True
Is 2545398901 a composite number?
False
Is 660809623 composite?
False
Is 9749774213 a prime number?
True
Is 12965761339 composite?
True
Is 1194672077 prime?
False
Is 7867709653 a composite number?
False
Is 2386972901 prime?
True
Is 60625852603 prime?
True
Is 242099651 a composite number?
False
Is 102722892455 composite?
True
Is 46748288261 prime?
True
Is 182979735307 a prime number?
False
Is 129059639 a composite number?
True
Is 5194543429 composite?
True
Is 78488936857 a prime number?
False
Is 18486473689 a prime number?
True
Is 29682794381 a prime number?
False
Is 1001453777 prime?
False
Is 184061517 composite?
True
Is 968923765 composite?
True
Is 2171954069 prime?
True
Is 6372322571 a composite number?
False
Is 106331993 a prime number?
False
Is 759724397 prime?
False
Is 688286737 prime?
True
Is 4384428833 a prime number?
True
Is 2498945233 composite?
True
Is 8007595007 composite?
False
Is 389241373 prime?
False
Is 12955593523 prime?
True
Is 34048421779 composite?
False
Is 8687529803 prime?
True
Is 26409184643 prime?
True
Is 607181819 prime?
True
Is 88560493691 composite?
False
Is 896750879 a composite number?
False
Is 29953830338 a composite number?
True
Is 1579323041 a prime number?
True
Is 19862269351 a composite number?
False
Is 23595503 a prime number?
True
Is 132831851 a composite number?
False
Is 25725817489 prime?
False
Is 176152813 a prime number?
True
Is 236099901 a prime number?
False
Is 3450767561 a prime number?
True
Is 210120011 a composite number?
True
Is 8564893847 a composite number?
True
Is 4833091271 composite?
True
Is 1626123277 a composite number?
False
Is 182135169397 a composite number?
True
Is 5490624221 prime?
True
Is 30694456957 composite?
False
Is 95936237347 a prime number?
True
Is 1472046833 composite?
True
Is 85723289 a composite number?
False
Is 182037937 composite?
False
Is 1012833329 a prime number?
True
Is 2785580023 a prime number?
True
Is 2647873489 a prime number?
False
Is 5088133837 composite?
False
Is 791332463 composite?
True
Is 159873089993 a prime number?
True
Is 30012760901 prime?
True
Is 10438182947 a composite number?
True
Is 159518971 a composite number?
False
Is 37553531 composite?
False
Is 16992478007 prime?
False
Is 30870835297 prime?
False
Is 2466829207 prime?
False
Is 3948360373 a prime number?
True
Is 27775508713 a prime number?
True
Is 34108499017 a prime number?
True
Is 6789047911 prime?
True
Is 11131813151 a prime number?
True
Is 1434218761 prime?
False
Is 23399361263 composite?
False
Is 215238842837 a prime number?
True
Is 7558011211 a composite number?
False
Is 15447248023 composite?
True
Is 3424620799 a prime number?
True
Is 14762741263 composite?
False
Is 86705773171 prime?
True
Is 11817564929 prime?
True
Is 2650174391 a composite number?
True
Is 1405563521 composite?
False
Is 3261496003 a composite number?
True
Is 17967957967 a prime number?
True
Is 31785391619 a composite number?
True
Is 5967305989 composite?
False
Is 10631955029 a prime number?
True
Is 1151633117 prime?
False
Is 151600942871 composite?
True
Is 266784139 composite?
True
Is 1313741269 composite?
False
Is 12875827 a prime number?
False
Is 2348675891 prime?
True
Is 37498757251 composite?
False
Is 79841747 composite?
False
Is 2734263346 composite?
True
Is 516387247 composite?
True
Is 13905372589 a composite number?
True
Is 514699931 a prime number?
False
Is 851822203 a prime number?
True
Is 10281164623 prime?
False
Is 46448236391 a prime number?
True
Is 32764896163 a prime number?
True
Is 14042119979 prime?
False
Is 1732906387 a prime number?
True
Is 11878797311 prime?
False
Is 29210809111 composite?
True
Is 2843236405 a prime number?
False
Is 854911429 a composite number?
True
Is 7129158409 a prime number?
False
Is 330279427399 a prime number?
True
Is 1673068745 prime?
False
Is 2697507493 prime?
True
Is 43015778501 composite?
False
Is 458242303 a prime number?
True
Is 740656283 a composite number?
True
Is 10971149479 composite?
False
Is 18784861597 prime?
True
Is 589906855 prime?
False
Is 999109277 composite?
True
Is 449479397 prime?
True
Is 24483749029 composite?
True
Is 18249333191 a prime number?
True
Is 11361620407 a prime number?
False
Is 3788200769 a composite number?
False
Is 963845669 prime?
True
Is 546987139 prime?
True
Is 3346457 a prime number?
True
Is 533279059 a composite number?
True
Is 89711711477 a composite number?
False
Is 3866137709 composite?
True
Is 77428051213 a composite number?
True
Is 853942889 prime?
False
Is 1462838297 a prime number?
True
Is 7933019879 composite?
True
Is 9121894211 prime?
False
Is 192